{"id":589,"date":"2025-07-02T14:24:29","date_gmt":"2025-07-02T12:24:29","guid":{"rendered":"https:\/\/project.greydsuite.de\/vidinext\/?page_id=589"},"modified":"2025-07-02T14:24:30","modified_gmt":"2025-07-02T12:24:30","slug":"datenschutz","status":"publish","type":"page","link":"https:\/\/project.greydsuite.de\/vidinext\/de\/datenschutz\/","title":{"rendered":"Datenschutz"},"content":{"rendered":"\n<div class=\"wp-block-group alignfull is-layout-flow wp-block-group-is-layout-flow\" style=\"padding-top:var(--wp--preset--spacing--large);padding-bottom:var(--wp--preset--spacing--large)\"  data-anim-action=\"fadeInUp\" data-anim-event=\"load\" data-anim-triggered=\"false\" data-anim-from=\"opacity: 0; transform: translateY(100px);\" data-anim-to=\"opacity: 1; transform: translateY(0px);\" data-anim-id=\"anim-69f243144fff2\" data-anim-reverse=\"false\" data-anim-time=\"500\">\n<div class=\"wp-block-group grid-max-8 is-layout-grid wp-container-core-group-is-layout-26923b4b wp-block-group-is-layout-grid\">\n<div class=\"wp-block-group respect-grid-left wp-container-content-d8344436 is-vertical is-layout-flex wp-container-core-group-is-layout-fe9cc265 wp-block-group-is-layout-flex\">\n<div class=\"wp-block-group has-background-background-color has-background has-tiny-font-size has-global-padding is-layout-constrained wp-container-core-group-is-layout-8d29954d wp-block-group-is-layout-constrained\" style=\"margin-bottom:var(--wp--preset--spacing--large);padding-top:4px;padding-right:4px;padding-bottom:2px;padding-left:4px\">\n<h1 class=\"wp-block-heading has-base-font-size\"><span data-tag=\"title\" data-params=\"\" class=\"is-tag\">Beitragstitel<\/span><\/h1>\n<\/div>\n<\/div>\n\n\n\n<div class=\"wp-block-group respect-grid-right has-lightest-background-color has-background wp-container-content-44c2788f is-layout-flow wp-container-core-group-is-layout-309f0a2a wp-block-group-is-layout-flow\" style=\"min-height:60vh;padding-bottom:var(--wp--preset--spacing--large)\">\n<div class=\"wp-block-group grid-max-2-md is-vertical is-content-justification-stretch is-layout-flex wp-container-core-group-is-layout-8eca9a70 wp-block-group-is-layout-flex\">\n<div class=\"wp-block-group is-vertical is-layout-flex wp-container-core-group-is-layout-7aa4b7fc wp-block-group-is-layout-flex\">\n<div class=\"wp-block-group is-layout-flow wp-container-core-group-is-layout-8a92f19b wp-block-group-is-layout-flow\">\n<h2 class=\"wp-block-heading has-base-font-size\"><strong><strong><strong><strong>1. Allgemeine Hinweise<\/strong><\/strong><\/strong><\/strong><\/h2>\n\n\n\n<p>Der Schutz Ihrer pers\u00f6nlichen Daten ist uns ein wichtiges Anliegen. Diese Datenschutzerkl\u00e4rung informiert Sie \u00fcber die Art, den Umfang und den Zweck der Erhebung und Verwendung personenbezogener Daten auf der Website\u00a0<strong><a href=\"http:\/\/www.vidinext.com\">www.vidinext.com<\/a><\/strong>\u00a0gem\u00e4\u00df dem revidierten Schweizer Datenschutzgesetz (<strong>revDSG<\/strong>, in Kraft seit 1. September 2023).<\/p>\n<\/div>\n\n\n\n<hr style='  height: 1px !important; width: 100% !important;   ' class=\"wp-block-separator has-text-color has-base-color has-alpha-channel-opacity has-base-background-color has-background\"\/>\n<\/div>\n\n\n\n<div class=\"wp-block-group is-vertical is-layout-flex wp-container-core-group-is-layout-7aa4b7fc wp-block-group-is-layout-flex\">\n<div class=\"wp-block-group is-layout-flow wp-container-core-group-is-layout-8a92f19b wp-block-group-is-layout-flow\">\n<h2 class=\"wp-block-heading has-base-font-size\"><strong><strong><strong><strong><strong>2. Verantwortliche Stelle<\/strong><\/strong><\/strong><\/strong><\/strong><\/h2>\n\n\n\n<p>Verantwortlich f\u00fcr die Datenverarbeitung auf dieser Website ist:<\/p>\n\n\n\n<p><strong>Vidinext AG<\/strong><br>Postfach 1546<br>Poststrasse 24<br>CH-6300 Zug, Schweiz<br>E-Mail:\u00a0<a href=\"mailto:investors@vidinext.com\">investors@vidinext.com<\/a><br>Telefon:\u00a0<a href=\"tel:+41417662530\">+41 (0)41 766 25 30<\/a><\/p>\n<\/div>\n\n\n\n<hr style='  height: 1px !important; width: 100% !important;   ' class=\"wp-block-separator has-text-color has-base-color has-alpha-channel-opacity has-base-background-color has-background\"\/>\n<\/div>\n\n\n\n<div class=\"wp-block-group is-vertical is-layout-flex wp-container-core-group-is-layout-7aa4b7fc wp-block-group-is-layout-flex\">\n<div class=\"wp-block-group is-layout-flow wp-container-core-group-is-layout-8a92f19b wp-block-group-is-layout-flow\">\n<h2 class=\"wp-block-heading has-base-font-size\"><strong><strong><strong><strong><strong><strong>3. Erhebung und Verarbeitung personenbezogener Daten<\/strong><\/strong><\/strong><\/strong><\/strong><\/strong><\/h2>\n\n\n\n<p>Beim Besuch unserer Website werden automatisch technische Daten (z.\u202fB. IP-Adresse, Browsertyp, Zeitpunkt des Zugriffs) erfasst. Diese Daten dienen der Systemsicherheit sowie der statistischen Auswertung und lassen keine direkten R\u00fcckschl\u00fcsse auf Ihre Person zu.<\/p>\n\n\n\n<p>Personenbezogene Daten (wie Name, E-Mail-Adresse) werden nur erfasst, wenn Sie uns diese freiwillig, z.\u202fB. per E-Mail-Kontakt, zur Verf\u00fcgung stellen.<\/p>\n<\/div>\n\n\n\n<hr style='  height: 1px !important; width: 100% !important;   ' class=\"wp-block-separator has-text-color has-base-color has-alpha-channel-opacity has-base-background-color has-background\"\/>\n<\/div>\n\n\n\n<div class=\"wp-block-group is-vertical is-layout-flex wp-container-core-group-is-layout-7aa4b7fc wp-block-group-is-layout-flex\">\n<div class=\"wp-block-group is-layout-flow wp-container-core-group-is-layout-8a92f19b wp-block-group-is-layout-flow\">\n<h2 class=\"wp-block-heading has-base-font-size\"><strong><strong><strong><strong><strong><strong><strong>4. Cookies und Webanalyse<\/strong><\/strong><\/strong><\/strong><\/strong><\/strong><\/strong><\/h2>\n\n\n\n<p>Unsere Website verwendet\u00a0<strong>nur technisch notwendige Cookies<\/strong>, um die Funktionalit\u00e4t sicherzustellen. Es erfolgt\u00a0<strong>keine Webanalyse<\/strong>\u00a0(z.\u202fB. Google Analytics) und\u00a0<strong>kein Tracking<\/strong>\u00a0von Besuchern.<\/p>\n<\/div>\n\n\n\n<hr style='  height: 1px !important; width: 100% !important;   ' class=\"wp-block-separator has-text-color has-base-color has-alpha-channel-opacity has-base-background-color has-background\"\/>\n<\/div>\n\n\n\n<div class=\"wp-block-group is-vertical is-layout-flex wp-container-core-group-is-layout-7aa4b7fc wp-block-group-is-layout-flex\">\n<div class=\"wp-block-group is-layout-flow wp-container-core-group-is-layout-8a92f19b wp-block-group-is-layout-flow\">\n<h2 class=\"wp-block-heading has-base-font-size\"><strong><strong><strong><strong><strong><strong><strong><strong>5. Datenweitergabe<\/strong><\/strong><\/strong><\/strong><\/strong><\/strong><\/strong><\/strong><\/h2>\n\n\n\n<p>Es erfolgt\u00a0<strong>keine Weitergabe Ihrer Daten an Dritte<\/strong>, au\u00dfer wenn dies gesetzlich vorgeschrieben ist oder zur Erf\u00fcllung Ihrer Anfrage notwendig ist.<\/p>\n<\/div>\n\n\n\n<hr style='  height: 1px !important; width: 100% !important;   ' class=\"wp-block-separator has-text-color has-base-color has-alpha-channel-opacity has-base-background-color has-background\"\/>\n<\/div>\n\n\n\n<div class=\"wp-block-group is-vertical is-layout-flex wp-container-core-group-is-layout-7aa4b7fc wp-block-group-is-layout-flex\">\n<div class=\"wp-block-group is-layout-flow wp-container-core-group-is-layout-8a92f19b wp-block-group-is-layout-flow\">\n<h2 class=\"wp-block-heading has-base-font-size\"><strong><strong><strong><strong><strong><strong><strong><strong><strong>6. Ihre Rechte<\/strong><\/strong><\/strong><\/strong><\/strong><\/strong><\/strong><\/strong><\/strong><\/h2>\n\n\n\n<p>Sie haben das Recht auf Auskunft, Berichtigung und L\u00f6schung Ihrer personenbezogenen Daten sowie das Recht auf Einschr\u00e4nkung der Verarbeitung und Daten\u00fcbertragbarkeit.<\/p>\n\n\n\n<p>Anfragen richten Sie bitte an:<br><a href=\"mailto:investors@vidinext.com\">investors@vidinext.com<\/a><\/p>\n<\/div>\n\n\n\n<hr style='  height: 1px !important; width: 100% !important;   ' class=\"wp-block-separator has-text-color has-base-color has-alpha-channel-opacity has-base-background-color has-background\"\/>\n<\/div>\n\n\n\n<div class=\"wp-block-group is-vertical is-layout-flex wp-container-core-group-is-layout-7aa4b7fc wp-block-group-is-layout-flex\">\n<div class=\"wp-block-group is-layout-flow wp-container-core-group-is-layout-8a92f19b wp-block-group-is-layout-flow\">\n<h2 class=\"wp-block-heading has-base-font-size\"><strong><strong><strong><strong><strong><strong><strong><strong><strong><strong>7. Datensicherheit<\/strong><\/strong><\/strong><\/strong><\/strong><\/strong><\/strong><\/strong><\/strong><\/strong><\/h2>\n\n\n\n<p>Wir treffen technische und organisatorische Sicherheitsma\u00dfnahmen, um Ihre personenbezogenen Daten gegen Verlust, Zugriff, Manipulation oder unberechtigte Offenlegung zu sch\u00fctzen.<\/p>\n<\/div>\n<\/div>\n<\/div>\n<\/div>\n<\/div>\n<\/div>\n","protected":false},"excerpt":{"rendered":"<p>Beitragstitel 1. Allgemeine Hinweise Der Schutz Ihrer pers\u00f6nlichen Daten ist uns ein wichtiges Anliegen. Diese Datenschutzerkl\u00e4rung informiert Sie \u00fcber die Art, den Umfang und den Zweck der Erhebung und Verwendung personenbezogener Daten auf der Website\u00a0www.vidinext.com\u00a0gem\u00e4\u00df dem revidierten Schweizer Datenschutzgesetz (revDSG, in Kraft seit 1. September 2023). 2. Verantwortliche Stelle Verantwortlich f\u00fcr die Datenverarbeitung auf dieser [&hellip;]<\/p>\n","protected":false},"author":2,"featured_media":0,"parent":0,"menu_order":0,"comment_status":"closed","ping_status":"closed","template":"","meta":{"greyd_block_editor_preview":[],"footnotes":""},"class_list":["post-589","page","type-page","status-publish","hentry"],"lang":"de","translations":{"de":589,"en":565},"pll_sync_post":[],"_links":{"self":[{"href":"https:\/\/project.greydsuite.de\/vidinext\/wp-json\/wp\/v2\/pages\/589","targetHints":{"allow":["GET"]}}],"collection":[{"href":"https:\/\/project.greydsuite.de\/vidinext\/wp-json\/wp\/v2\/pages"}],"about":[{"href":"https:\/\/project.greydsuite.de\/vidinext\/wp-json\/wp\/v2\/types\/page"}],"author":[{"embeddable":true,"href":"https:\/\/project.greydsuite.de\/vidinext\/wp-json\/wp\/v2\/users\/2"}],"replies":[{"embeddable":true,"href":"https:\/\/project.greydsuite.de\/vidinext\/wp-json\/wp\/v2\/comments?post=589"}],"version-history":[{"count":1,"href":"https:\/\/project.greydsuite.de\/vidinext\/wp-json\/wp\/v2\/pages\/589\/revisions"}],"predecessor-version":[{"id":590,"href":"https:\/\/project.greydsuite.de\/vidinext\/wp-json\/wp\/v2\/pages\/589\/revisions\/590"}],"wp:attachment":[{"href":"https:\/\/project.greydsuite.de\/vidinext\/wp-json\/wp\/v2\/media?parent=589"}],"curies":[{"name":"wp","href":"https:\/\/api.w.org\/{rel}","templated":true}]}}

<div class="wp-block-group alignfull is-layout-flow wp-block-group-is-layout-flow" style="padding-top:var(--wp--preset--spacing--large);padding-bottom:var(--wp--preset--spacing--large)"  data-anim-action="fadeInUp" data-anim-event="load" data-anim-triggered="false" data-anim-from="opacity: 0; transform: translateY(100px);" data-anim-to="opacity: 1; transform: translateY(0px);" data-anim-id="anim-69f243144fff2" data-anim-reverse="false" data-anim-time="500">
<div class="wp-block-group grid-max-8 is-layout-grid wp-container-core-group-is-layout-26923b4b wp-block-group-is-layout-grid">
<div class="wp-block-group respect-grid-left wp-container-content-d8344436 is-vertical is-layout-flex wp-container-core-group-is-layout-fe9cc265 wp-block-group-is-layout-flex">
<div class="wp-block-group has-background-background-color has-background has-tiny-font-size has-global-padding is-layout-constrained wp-container-core-group-is-layout-8d29954d wp-block-group-is-layout-constrained" style="margin-bottom:var(--wp--preset--spacing--large);padding-top:4px;padding-right:4px;padding-bottom:2px;padding-left:4px">
<h1 class="wp-block-heading has-base-font-size"><span data-tag="title" data-params="" class="is-tag">Beitragstitel</span></h1>
</div>
</div>



<div class="wp-block-group respect-grid-right has-lightest-background-color has-background wp-container-content-44c2788f is-layout-flow wp-container-core-group-is-layout-309f0a2a wp-block-group-is-layout-flow" style="min-height:60vh;padding-bottom:var(--wp--preset--spacing--large)">
<div class="wp-block-group grid-max-2-md is-vertical is-content-justification-stretch is-layout-flex wp-container-core-group-is-layout-8eca9a70 wp-block-group-is-layout-flex">
<div class="wp-block-group is-vertical is-layout-flex wp-container-core-group-is-layout-7aa4b7fc wp-block-group-is-layout-flex">
<div class="wp-block-group is-layout-flow wp-container-core-group-is-layout-8a92f19b wp-block-group-is-layout-flow">
<h2 class="wp-block-heading has-base-font-size"><strong><strong><strong><strong>1. Allgemeine Hinweise</strong></strong></strong></strong></h2>



<p>Der Schutz Ihrer persönlichen Daten ist uns ein wichtiges Anliegen. Diese Datenschutzerklärung informiert Sie über die Art, den Umfang und den Zweck der Erhebung und Verwendung personenbezogener Daten auf der Website <strong><a href="http://www.vidinext.com">www.vidinext.com</a></strong> gemäß dem revidierten Schweizer Datenschutzgesetz (<strong>revDSG</strong>, in Kraft seit 1. September 2023).</p>
</div>



<hr style='  height: 1px !important; width: 100% !important;   ' class="wp-block-separator has-text-color has-base-color has-alpha-channel-opacity has-base-background-color has-background"/>
</div>



<div class="wp-block-group is-vertical is-layout-flex wp-container-core-group-is-layout-7aa4b7fc wp-block-group-is-layout-flex">
<div class="wp-block-group is-layout-flow wp-container-core-group-is-layout-8a92f19b wp-block-group-is-layout-flow">
<h2 class="wp-block-heading has-base-font-size"><strong><strong><strong><strong><strong>2. Verantwortliche Stelle</strong></strong></strong></strong></strong></h2>



<p>Verantwortlich für die Datenverarbeitung auf dieser Website ist:</p>



<p><strong>Vidinext AG</strong><br>Postfach 1546<br>Poststrasse 24<br>CH-6300 Zug, Schweiz<br>E-Mail: <a href="mailto:investors@vidinext.com">investors@vidinext.com</a><br>Telefon: <a href="tel:+41417662530">+41 (0)41 766 25 30</a></p>
</div>



<hr style='  height: 1px !important; width: 100% !important;   ' class="wp-block-separator has-text-color has-base-color has-alpha-channel-opacity has-base-background-color has-background"/>
</div>



<div class="wp-block-group is-vertical is-layout-flex wp-container-core-group-is-layout-7aa4b7fc wp-block-group-is-layout-flex">
<div class="wp-block-group is-layout-flow wp-container-core-group-is-layout-8a92f19b wp-block-group-is-layout-flow">
<h2 class="wp-block-heading has-base-font-size"><strong><strong><strong><strong><strong><strong>3. Erhebung und Verarbeitung personenbezogener Daten</strong></strong></strong></strong></strong></strong></h2>



<p>Beim Besuch unserer Website werden automatisch technische Daten (z. B. IP-Adresse, Browsertyp, Zeitpunkt des Zugriffs) erfasst. Diese Daten dienen der Systemsicherheit sowie der statistischen Auswertung und lassen keine direkten Rückschlüsse auf Ihre Person zu.</p>



<p>Personenbezogene Daten (wie Name, E-Mail-Adresse) werden nur erfasst, wenn Sie uns diese freiwillig, z. B. per E-Mail-Kontakt, zur Verfügung stellen.</p>
</div>



<hr style='  height: 1px !important; width: 100% !important;   ' class="wp-block-separator has-text-color has-base-color has-alpha-channel-opacity has-base-background-color has-background"/>
</div>



<div class="wp-block-group is-vertical is-layout-flex wp-container-core-group-is-layout-7aa4b7fc wp-block-group-is-layout-flex">
<div class="wp-block-group is-layout-flow wp-container-core-group-is-layout-8a92f19b wp-block-group-is-layout-flow">
<h2 class="wp-block-heading has-base-font-size"><strong><strong><strong><strong><strong><strong><strong>4. Cookies und Webanalyse</strong></strong></strong></strong></strong></strong></strong></h2>



<p>Unsere Website verwendet <strong>nur technisch notwendige Cookies</strong>, um die Funktionalität sicherzustellen. Es erfolgt <strong>keine Webanalyse</strong> (z. B. Google Analytics) und <strong>kein Tracking</strong> von Besuchern.</p>
</div>



<hr style='  height: 1px !important; width: 100% !important;   ' class="wp-block-separator has-text-color has-base-color has-alpha-channel-opacity has-base-background-color has-background"/>
</div>



<div class="wp-block-group is-vertical is-layout-flex wp-container-core-group-is-layout-7aa4b7fc wp-block-group-is-layout-flex">
<div class="wp-block-group is-layout-flow wp-container-core-group-is-layout-8a92f19b wp-block-group-is-layout-flow">
<h2 class="wp-block-heading has-base-font-size"><strong><strong><strong><strong><strong><strong><strong><strong>5. Datenweitergabe</strong></strong></strong></strong></strong></strong></strong></strong></h2>



<p>Es erfolgt <strong>keine Weitergabe Ihrer Daten an Dritte</strong>, außer wenn dies gesetzlich vorgeschrieben ist oder zur Erfüllung Ihrer Anfrage notwendig ist.</p>
</div>



<hr style='  height: 1px !important; width: 100% !important;   ' class="wp-block-separator has-text-color has-base-color has-alpha-channel-opacity has-base-background-color has-background"/>
</div>



<div class="wp-block-group is-vertical is-layout-flex wp-container-core-group-is-layout-7aa4b7fc wp-block-group-is-layout-flex">
<div class="wp-block-group is-layout-flow wp-container-core-group-is-layout-8a92f19b wp-block-group-is-layout-flow">
<h2 class="wp-block-heading has-base-font-size"><strong><strong><strong><strong><strong><strong><strong><strong><strong>6. Ihre Rechte</strong></strong></strong></strong></strong></strong></strong></strong></strong></h2>



<p>Sie haben das Recht auf Auskunft, Berichtigung und Löschung Ihrer personenbezogenen Daten sowie das Recht auf Einschränkung der Verarbeitung und Datenübertragbarkeit.</p>



<p>Anfragen richten Sie bitte an:<br><a href="mailto:investors@vidinext.com">investors@vidinext.com</a></p>
</div>



<hr style='  height: 1px !important; width: 100% !important;   ' class="wp-block-separator has-text-color has-base-color has-alpha-channel-opacity has-base-background-color has-background"/>
</div>



<div class="wp-block-group is-vertical is-layout-flex wp-container-core-group-is-layout-7aa4b7fc wp-block-group-is-layout-flex">
<div class="wp-block-group is-layout-flow wp-container-core-group-is-layout-8a92f19b wp-block-group-is-layout-flow">
<h2 class="wp-block-heading has-base-font-size"><strong><strong><strong><strong><strong><strong><strong><strong><strong><strong>7. Datensicherheit</strong></strong></strong></strong></strong></strong></strong></strong></strong></strong></h2>



<p>Wir treffen technische und organisatorische Sicherheitsmaßnahmen, um Ihre personenbezogenen Daten gegen Verlust, Zugriff, Manipulation oder unberechtigte Offenlegung zu schützen.</p>
</div>
</div>
</div>
</div>
</div>
</div>

<p>Beitragstitel 1. Allgemeine Hinweise Der Schutz Ihrer persönlichen Daten ist uns ein wichtiges Anliegen. Diese Datenschutzerklärung informiert Sie über die Art, den Umfang und den Zweck der Erhebung und Verwendung personenbezogener Daten auf der Website www.vidinext.com gemäß dem revidierten Schweizer Datenschutzgesetz (revDSG, in Kraft seit 1. September 2023). 2. Verantwortliche Stelle Verantwortlich für die Datenverarbeitung auf dieser [&hellip;]</p>
